the hundreds digit of 50442024?
0
What is the units digit of 1653432099?
9
What is the billions digit of 3872607384?
3
What is the hundreds digit of 180574062?
0
What is the hundreds digit of 1040393348?
3
What is the billions digit of 6018202242?
6
What is the tens digit of 30247778?
7
What is the thousands digit of 126052070?
2
What is the ten millions digit of 6491945765?
9
What is the hundred millions digit of 456693964?
4
What is the ten thousands digit of 385617576?
1
What is the hundreds digit of 41527143?
1
What is the tens digit of 1689502945?
4
What is the hundreds digit of 28906931?
9
What is the ten millions digit of 74608833?
7
What is the ten millions digit of 1052288412?
5
What is the hundred thousands digit of 55103997?
1
What is the ten millions digit of 308299811?
0
What is the hundreds digit of 54212238?
2
What is the millions digit of 113703886?
3
What is the tens digit of 214703332?
3
What is the millions digit of 130324546?
0
What is the hundreds digit of 4146910?
9
What is the thousands digit of 46017620?
7
What is the millions digit of 2894918539?
4
What is the thousands digit of 147118737?
8
What is the tens digit of 5130429?
2
What is the ten millions digit of 510118332?
1
What is the ten thousands digit of 16134951?
3
What is the units digit of 704499961?
1
What is the units digit of 28860901?
1
What is the hundreds digit of 49078316?
3
What is the ten millions digit of 55372333?
5
What is the hundreds digit of 14082059?
0
What is the tens digit of 12869288?
8
What is the ten thousands digit of 200262866?
6
What is the hundreds digit of 124060940?
9
What is the thousands digit of 1524884910?
4
What is the tens digit of 2792247459?
5
What is the hundreds digit of 3339185893?
8
What is the units digit of 1463033646?
6
What is the hundred thousands digit of 601403093?
4
What is the hundred thousands digit of 712354804?
3
What is the ten thousands digit of 864148459?
4
What is the ten millions digit of 40420703?
4
What is the millions digit of 46288865?
6
What is the ten thousands digit of 62807508?
0
What is the ten millions digit of 148475328?
4
What is the ten thousands digit of 3799936?
9
What is the thousands digit of 129022622?
2
What is the ten thousands digit of 147484640?
8
What is the tens digit of 12457771?
7
What is the ten millions digit of 208599770?
0
What is the millions digit of 24481922?
4
What is the hundred thousands digit of 3383258948?
2
What is the hundred millions digit of 321099470?
3
What is the billions digit of 1044281141?
1
What is the units digit of 41339523?
3
What is the hundreds digit of 792416846?
8
What is the ten thousands digit of 310191266?
9
What is the hundred thousands digit of 6358936809?
9
What is the ten thousands digit of 93991935?
9
What is the hundred thousands digit of 31475707?
4
What is the units digit of 171789625?
5
What is the hundred thousands digit of 39318720?
3
What is the thousands digit of 763105203?
5
What is the tens digit of 93322638?
3
What is the ten millions digit of 60766767?
6
What is the ten thousands digit of 598350547?
5
What is the thousands digit of 58574856?
4
What is the hundred thousands digit of 156171245?
1
What is the millions digit of 3573829331?
3
What is the thousands digit of 2883791456?
1
What is the millions digit of 3088215676?
8
What is the tens digit of 13124123?
2
What is the hundreds digit of 4673598715?
7
What is the hundred thousands digit of 72470058?
4
What is the tens digit of 84051772?
7
What is the units digit of 6271354298?
8
What is the tens digit of 406316367?
6
What is the units digit of 91628169?
9
What is the hundreds digit of 73033631?
6
What is the units digit of 14541680?
0
What is the ten millions digit of 2103454414?
0
What is the ten thousands digit of 2939879449?
7
What is the units digit of 9135531?
1
What is the hundred millions digit of 922116381?
9
What is the hundred thousands digit of 9817680?
8
What is the hundreds digit of 30425947?
9
What is the thousands digit of 18015561?
5
What is the millions digit of 756470837?
6
What is the hundreds digit of 223454383?
3
What is the ten millions digit of 1016159848?
1
What is the millions digit of 20630766?
0
What is the tens digit of 31553039?
3
What is the hundred millions digit of 343156073?
3
What is the hundred thousands digit of 1864185940?
1
What is the ten thousands digit of 14638019?
3
What is the hundreds digit of 188590999?
9
What is the millions digit of 17352235?
7
What is the hundred thousands digit of 2316781285?
7
What is the tens digit of 77847702?
0
What is the ten millions digit of 1968821301?
6
What is the ten millions digit of 232936754?
3
What is the hundred thousands digit of 1359137592?
1
What is the thousands digit of 160826973?
6
What is the units digit of 1861920615?
5
What is the billions digit of 2152921938?
2
What is the ten millions digit of 55224992?
5
What is the thousands digit of 15079488?
9
What is the hundred thousands digit of 184379397?
3
What is the ten millions digit of 342641042?
4
What is the ten thousands digit of 69680464?
8
What is the millions digit of 64797203?
4
What is the units digit of 152314991?
1
What is the hundreds digit of 437934733?
7
What is the ten thousands digit of 1707937?
0
What is the hundred millions digit of 120662162?
1
What is the hundred millions digit of 4723834696?
7
What is the hundred thousands digit of 36296904?
2
What is the thousands digit of 1903356769?
6
What is the millions digit of 23424368?
3
What is the hundred thousands digit of 53305499?
3
What is the tens digit of 209341280?
8
What is the ten millions digit of 3270014579?
7
What is the ten millions digit of 158923890?
5
What is the millions digit of 75996203?
5
What is the ten millions digit of 5577200369?
7
What is the hundred thousands digit of 1028153571?
1
What is the ten thousands digit of 102827565?
2
What is the hundred thousands digit of 460213357?
2
What is the tens digit of 82638887?
8
What is the hundred thousands digit of 1769895338?
8
What is the thousands digit of 3160805212?
5
What is the millions digit of 1052747268?
2
What is the ten thousands digit of 365690477?
9
What is the hundred thousands digit of 48684468?
6
What is the hundreds digit of 719755418?
4
What is the tens digit of 91608980?
8
What is the ten millions digit of 59684924?
5
What is the ten millions digit of 118954325?
1
What is the tens digit of 5442939615?
1
What is the tens digit of 5309366463?
6
What is the units digit of 12045298?
8
What is the hundreds digit of 1605154849?
8
What is the ten millions digit of 559276749?
5
What is the ten millions digit of 840874380?
4
What is the ten millions digit of 999408265?
9
What is the thousands digit of 239749852?
9
What is the millions digit of 149125616?
9
What is the tens digit of 146983577?
7
What is the hundreds digit of 719167432?
4
What is the ten thousands digit of 30506913?
0
What is the units digit of 386860670?
0
What is the ten thousands digit of 13712409?
1
What is the units digit of 6661126?
6
What is the ten millions digit of 50665943?
5
What is the ten thousands digit of 66676950?
7
What is the ten thousands digit of 73560834?
6
What is the hundred millions digit of 8073990362?
0
What is the units digit of 1660372361?
1
What is the tens digit of 1223499660?
6
What is the ten thousands digit of 2575621975?
2
What is the hundred thousands digit of 6861909607?
9
What is the ten millions digit of 718894357?
1
What is the ten thousands digit of 509551361?
5
What is the thousands digit of 1835879?
5
What is the millions digit of 92953267?
2
What is the ten millions digit of 1076098953?
7
What is the tens digit of 79001124?
2
What is the thousands digit of 282431139?
1
What is the thousands digit of 244275610?
5
What is the ten thousands digit of 126844709?
4
What is the units digit of 1013486065?
5
What is the units digit of 2978699033?
3
What is the tens digit of 240837869?
6
What is the hundreds digit of 5953331?
3
What is the ten thousands digit of 1136357461?
5
What is the hundred millions digit of 995024708?
9
What is the hundred thousands digit of 2924358018?
3
What is the hundred millions digit of 138505513?
1
What is the tens digit of 511246794?
9
What is the hundreds digit of 5580